{"id":52,"date":"2016-07-05T16:20:20","date_gmt":"2016-07-05T14:20:20","guid":{"rendered":"http:\/\/festiwalplener.zory.pl\/2016\/?page_id=52"},"modified":"2016-08-18T14:10:19","modified_gmt":"2016-08-18T12:10:19","slug":"historia","status":"publish","type":"page","link":"http:\/\/festiwalplener.zory.pl\/2017\/historia\/","title":{"rendered":"Historia"},"content":{"rendered":"<p lang=\"zxx\">Festiwal Fotografii Plener wyr\u00f3s\u0142 z tradycji organizowanego od 2010 roku \u017borskiego Pleneru Fotograficznego. Na zaproszenie organizator\u00f3w, ka\u017cdego roku, \u017bory odwiedzaj\u0105 autorzy specjalizuj\u0105cy si\u0119 w r\u00f3\u017cnych rodzajach fotografii. Ich wyst\u0105pienia w kameralnym festiwalowym gronie, stanowi\u0105 odpowiedzi i komentarze na tematy wiod\u0105ce plener\u00f3w, a od 2015 roku \u2013 festiwali \u2013 ka\u017cdego roku inny. Festiwalowi, podobnie jak wcze\u015bniej plenerowi, towarzysz\u0105 warsztaty fotograficzne i wyk\u0142ady z historii i teorii fotografii.<\/p>\n","protected":false},"excerpt":{"rendered":"<p>Festiwal Fotografii Plener wyr\u00f3s\u0142 z tradycji organizowanego od 2010 roku \u017borskiego Pleneru Fotograficznego. Na zaproszenie organizator\u00f3w, ka\u017cdego roku, \u017bory odwiedzaj\u0105 autorzy specjalizuj\u0105cy si\u0119 w r\u00f3\u017cnych rodzajach fotografii. Ich wyst\u0105pienia w kameralnym festiwalowym gronie, stanowi\u0105 odpowiedzi i komentarze na tematy wiod\u0105ce plener\u00f3w, a od 2015 roku \u2013 festiwali \u2013 ka\u017cdego roku inny. Festiwalowi, podobnie jak wcze\u015bniej [&hellip;]<\/p>\n","protected":false},"author":1,"featured_media":0,"parent":0,"menu_order":0,"comment_status":"closed","ping_status":"closed","template":"","meta":[],"_links":{"self":[{"href":"http:\/\/festiwalplener.zory.pl\/2017\/wp-json\/wp\/v2\/pages\/52"}],"collection":[{"href":"http:\/\/festiwalplener.zory.pl\/2017\/wp-json\/wp\/v2\/pages"}],"about":[{"href":"http:\/\/festiwalplener.zory.pl\/2017\/wp-json\/wp\/v2\/types\/page"}],"author":[{"embeddable":true,"href":"http:\/\/festiwalplener.zory.pl\/2017\/wp-json\/wp\/v2\/users\/1"}],"replies":[{"embeddable":true,"href":"http:\/\/festiwalplener.zory.pl\/2017\/wp-json\/wp\/v2\/comments?post=52"}],"version-history":[{"count":3,"href":"http:\/\/festiwalplener.zory.pl\/2017\/wp-json\/wp\/v2\/pages\/52\/revisions"}],"predecessor-version":[{"id":197,"href":"http:\/\/festiwalplener.zory.pl\/2017\/wp-json\/wp\/v2\/pages\/52\/revisions\/197"}],"wp:attachment":[{"href":"http:\/\/festiwalplener.zory.pl\/2017\/wp-json\/wp\/v2\/media?parent=52"}],"curies":[{"name":"wp","href":"https:\/\/api.w.org\/{rel}","templated":true}]}}